{"id":131,"date":"2020-04-08T16:13:42","date_gmt":"2020-04-08T12:13:42","guid":{"rendered":"https:\/\/portail.stpaul4.ac-reunion.fr\/wordpress\/bitinvestigations\/?page_id=131"},"modified":"2022-10-05T08:26:08","modified_gmt":"2022-10-05T04:26:08","slug":"contacts","status":"publish","type":"page","link":"https:\/\/portail.stpaul4.ac-reunion.fr\/wordpress\/process\/contacts\/","title":{"rendered":"Vid\u00e9os"},"content":{"rendered":"\n<p>Des vid\u00e9os d\u00e9crivent les fabrications ou les op\u00e9rations unitaires et sont disponibles <a rel=\"noreferrer noopener\" href=\"https:\/\/tube-enseignement-professionnel.apps.education.fr\/c\/processsp4\/videos?s=1\" target=\"_blank\">ici<\/a>. <\/p>\n\n\n\n<p>Les liens vers toutes nos vid\u00e9os sont disponibles depuis cette page ou directement depuis les articles concern\u00e9s.<\/p>\n\n\n\n<h3>Comment compl\u00e9ter les documents<\/h3>\n\n\n\n<p><a href=\"https:\/\/tube-enseignement-professionnel.apps.education.fr\/w\/oeXiSVmqjMCv6hqTnFrfPN\" target=\"_blank\" rel=\"noreferrer noopener\">Comment compl\u00e9ter la fiche AQPrECF 02<\/a><\/p>\n\n\n\n<p><a href=\"https:\/\/tube-enseignement-professionnel.apps.education.fr\/w\/r2uTad3bBe4Vs76To7N59i\" target=\"_blank\" rel=\"noreferrer noopener\">Comment compl\u00e9ter la fiche AQPrPF 12<\/a><\/p>\n\n\n\n<p><a href=\"https:\/\/tube-enseignement-professionnel.apps.education.fr\/w\/x8YFdMJtNH2Zq7V9CnyMUH\" target=\"_blank\" rel=\"noreferrer noopener\">Comment calculer un rendement sur le dossier de lot<\/a><\/p>\n\n\n\n<p><a href=\"https:\/\/tube-enseignement-professionnel.apps.education.fr\/w\/onEzv7APqxQ5oBj4LDvnCm\" target=\"_blank\" rel=\"noreferrer noopener\">Comment compl\u00e9ter le tableau de conditionnement du dossier de lot<\/a><\/p>\n\n\n\n<p><a href=\"https:\/\/tube-enseignement-professionnel.apps.education.fr\/w\/qVWfyjLoXMGyKChiXGJ8BW\" target=\"_blank\" rel=\"noreferrer noopener\">Comment r\u00e9aliser un diagramme de fabrication<\/a><\/p>\n\n\n\n<p><a href=\"https:\/\/tube-enseignement-professionnel.apps.education.fr\/w\/dhiUJCXh5G3CCiKxMm3tm7\" target=\"_blank\" rel=\"noreferrer noopener\">Comment compl\u00e9ter le tableau des mati\u00e8res premi\u00e8res<\/a><\/p>\n\n\n\n<h3>Le mat\u00e9riel et les op\u00e9rations unitaires<\/h3>\n\n\n\n<p><a href=\"https:\/\/tube-outremer.beta.education.fr\/videos\/watch\/ad788d3f-6fc8-46c2-83d4-72bb9c8f182e\" target=\"_blank\" rel=\"noreferrer noopener\">La pes\u00e9e  : AQPrMa 01<\/a><\/p>\n\n\n\n<p><a href=\"https:\/\/tube-enseignement-professionnel.apps.education.fr\/w\/aEg78JBwEC4k4PX2Hnv4eE\" target=\"_blank\" rel=\"noreferrer noopener\">Le turbula : AQPrMa 04<\/a><\/p>\n\n\n\n<p><a href=\"https:\/\/tube-enseignement-professionnel.apps.education.fr\/w\/gzKpKuDo5gNsZAMagftExn\" target=\"_blank\" rel=\"noreferrer noopener\">Le criblage : AQPrMa 05bis<\/a><\/p>\n\n\n\n<p><a href=\"https:\/\/tube-enseignement-professionnel.apps.education.fr\/w\/gr7UbNAem4NAQapwfwnVti\" target=\"_blank\" rel=\"noreferrer noopener\">Le four : AQPrMa 09<\/a><\/p>\n\n\n\n<p><a href=\"https:\/\/tube-enseignement-professionnel.apps.education.fr\/w\/qXYDTDj5HR69j8cWupjHoQ\" target=\"_blank\" rel=\"noreferrer noopener\">La filtration frontale, sous pression : AQPrMa 10<\/a><\/p>\n\n\n\n<p><a href=\"https:\/\/tube-enseignement-professionnel.apps.education.fr\/w\/nBKaBDbYGYAvqtmm7mai8c\" target=\"_blank\" rel=\"noreferrer noopener\">Le s\u00e9cheur \u00e0 plateau : AQPrMa 13<\/a><\/p>\n\n\n\n<p><a rel=\"noreferrer noopener\" href=\"https:\/\/tube-outremer.beta.education.fr\/videos\/watch\/fc77d0e5-83e4-490b-9e40-c12b2768487b\" target=\"_blank\">Le contr<\/a><a href=\"https:\/\/tube-outremer.beta.education.fr\/videos\/watch\/fc77d0e5-83e4-490b-9e40-c12b2768487b\" target=\"_blank\" rel=\"noreferrer noopener\">\u00f4<\/a><a rel=\"noreferrer noopener\" href=\"https:\/\/tube-outremer.beta.education.fr\/videos\/watch\/fc77d0e5-83e4-490b-9e40-c12b2768487b\" target=\"_blank\">le granulom\u00e9trique : AQPrPF 15<\/a><\/p>\n\n\n\n<p><a href=\"https:\/\/tube-enseignement-professionnel.apps.education.fr\/w\/k5D2sJbVhnCBKfPeCBK41g\" target=\"_blank\" rel=\"noreferrer noopener\">Le p\u00e9trin : AQPrMa 17<\/a><\/p>\n\n\n\n<p><a href=\"https:\/\/tube-enseignement-professionnel.apps.education.fr\/w\/mLRTKHwu6v9iJdpZ9hsUnT\" target=\"_blank\" rel=\"noreferrer noopener\">La cellule de refroidissement : AQPrMa 21<\/a><\/p>\n\n\n\n<p><a href=\"https:\/\/tube-enseignement-professionnel.apps.education.fr\/w\/uyHkFA7agvqwKXseRV6t4i\" target=\"_blank\" rel=\"noreferrer noopener\">Le r\u00e9fractom\u00e8tre digital : AQPrMa 29<\/a><\/p>\n\n\n\n<p><a href=\"https:\/\/tube-enseignement-professionnel.apps.education.fr\/w\/fKn7Xmq1iAKZnAYJDhF9M4\" target=\"_blank\" rel=\"noreferrer noopener\">Le m\u00e9langeur \u00e0 p\u00e2les : AQPrMa 30<\/a><\/p>\n\n\n\n<p><a href=\"https:\/\/tube-enseignement-professionnel.apps.education.fr\/w\/1tk87SXJPxeutTp6yQYuUg\" target=\"_blank\" rel=\"noreferrer noopener\">Le broyeur \u00e0 marteaux : AQPrMa 35<\/a><\/p>\n\n\n\n<p><a href=\"https:\/\/tube-enseignement-professionnel.apps.education.fr\/w\/cyaTpbGSa79Xnnxrtg9Nwa\" target=\"_blank\" rel=\"noreferrer noopener\">Le m\u00e9langeur cubique : AQPrMa 36<\/a><\/p>\n\n\n\n<p><a href=\"https:\/\/tube-enseignement-professionnel.apps.education.fr\/w\/4gZ8cPy52h7e5kkDZDsK69\" target=\"_blank\" rel=\"noreferrer noopener\">Le m\u00e9langeur plan\u00e9taire : AQPrMa 40<\/a><\/p>\n\n\n\n<p><a href=\"https:\/\/tube-enseignement-professionnel.apps.education.fr\/w\/9kebR2tYNSANN2LCkRYqdg\" target=\"_blank\" rel=\"noreferrer noopener\">Le fouet p\u00e9trin : AQPrMa 44<\/a><\/p>\n\n\n\n<p><a href=\"https:\/\/tube-outremer.beta.education.fr\/videos\/watch\/b47a092d-b01a-4b87-a514-187de56dae09\" target=\"_blank\" rel=\"noreferrer noopener\">Le r\u00e9fractom\u00e8tre : AQPrMa 54<\/a><\/p>\n\n\n\n<p><a href=\"https:\/\/tube-enseignement-professionnel.apps.education.fr\/w\/vBTazMQ4uGwwhYaTcKvenZ\" target=\"_blank\" rel=\"noreferrer noopener\">Le pasteurisateur \u00e0 plaques : AQPrMa 58<\/a><\/p>\n\n\n\n<p><a href=\"https:\/\/tube-enseignement-professionnel.apps.education.fr\/w\/nHV47J2ixKRLnbTNxVEzNM\" target=\"_blank\" rel=\"noreferrer noopener\">La raffineuse : AQPrMa 63<\/a><\/p>\n\n\n\n<p><a href=\"https:\/\/tube-enseignement-professionnel.apps.education.fr\/w\/ubpeSs9rHf32P91qTHoGAS\" target=\"_blank\" rel=\"noreferrer noopener\">Le pilote d&rsquo;ultrafiltration : AQPrMa 67<\/a><\/p>\n\n\n\n<p><a href=\"https:\/\/tube-enseignement-professionnel.apps.education.fr\/w\/ri3SAmCvHM92DGQNSKu3rF\" target=\"_blank\" rel=\"noreferrer noopener\">Le filtre \u00e0 plaques : AQPrMa 68<\/a><\/p>\n\n\n\n<h3>Les fabrications<\/h3>\n\n\n\n<p><a href=\"https:\/\/tube-enseignement-professionnel.apps.education.fr\/w\/8oereErd2X7eiuBc7Yn6Gt\" target=\"_blank\" rel=\"noreferrer noopener\">La lotion coiffante : AQPrFa 03B<\/a><\/p>\n\n\n\n<p><a href=\"https:\/\/tube-enseignement-professionnel.apps.education.fr\/w\/pZMYsyVV7efuNqr19PFAJz\" target=\"_blank\" rel=\"noreferrer noopener\">Le lait hydratant : AQPrFa 04B<\/a><\/p>\n\n\n\n<p><a href=\"https:\/\/tube-enseignement-professionnel.apps.education.fr\/w\/7NWukDxKGEeQcebe1Y8nNV\" target=\"_blank\" rel=\"noreferrer noopener\">La cr\u00e8me hydratante : AQPrFa 07B<\/a><\/p>\n\n\n\n<p><a href=\"https:\/\/tube-enseignement-professionnel.apps.education.fr\/w\/aUj32HEAPsCtrjczJikzoq\" target=\"_blank\" rel=\"noreferrer noopener\">La pommade \u00e0 l&rsquo;oxyde de zinc : AQPrFa 10<\/a><\/p>\n\n\n\n<p><a href=\"https:\/\/tube-enseignement-professionnel.apps.education.fr\/w\/2VtXcJDBj8Tta1dEH9zrLv\" target=\"_blank\" rel=\"noreferrer noopener\">Le baume \u00e0 l\u00e8vres : AQPrFa 11B<\/a><\/p>\n\n\n\n<p><a href=\"https:\/\/tube-enseignement-professionnel.apps.education.fr\/w\/k93CM5HtsfMBDA4sLcCh7D\" target=\"_blank\" rel=\"noreferrer noopener\">Le granul\u00e9 inerte : AQPrFa 18<\/a><\/p>\n\n\n\n<p><a href=\"https:\/\/tube-enseignement-professionnel.apps.education.fr\/w\/7ihi71Q8mzrLiuLYDxFeHN\" target=\"_blank\" rel=\"noreferrer noopener\">Le remplissage des g\u00e9lules : AQPrFa 19<\/a><\/p>\n\n\n\n<p><a href=\"https:\/\/tube-enseignement-professionnel.apps.education.fr\/w\/5YyWfvvT94Kh5wfYrRocex\" target=\"_blank\" rel=\"noreferrer noopener\">Les suppositoires au camphre : AQPrFa 22<\/a><\/p>\n\n\n\n<p><a href=\"https:\/\/tube-enseignement-professionnel.apps.education.fr\/w\/95MbC8A7TJAhunV9kLjito\" target=\"_blank\" rel=\"noreferrer noopener\">Calculs de MP pour les suppositoires<\/a><\/p>\n\n\n\n<p><a href=\"https:\/\/tube-enseignement-professionnel.apps.education.fr\/w\/9jtFzMZANHvBAhhNteGbU3\" target=\"_blank\" rel=\"noreferrer noopener\">La cr\u00e8me purifiante : AQPrFa 24<\/a><\/p>\n\n\n\n<p><a href=\"https:\/\/tube-enseignement-professionnel.apps.education.fr\/w\/k8CSRfsywCwNiA7hBtQ7uL\" target=\"_blank\" rel=\"noreferrer noopener\">Le pain : AQPrFa 26<\/a><\/p>\n\n\n\n<p><a href=\"https:\/\/tube-enseignement-professionnel.apps.education.fr\/w\/r8UaiQnhrxiNVL86RZHq6t\" target=\"_blank\" rel=\"noreferrer noopener\">Le gel camphr\u00e9 : AQPrFa 32<\/a><\/p>\n\n\n\n<p><a href=\"https:\/\/tube-enseignement-professionnel.apps.education.fr\/w\/pv14Lr2zPzm1VT6H28Ewxa\" target=\"_blank\" rel=\"noreferrer noopener\">La potion fortifiante : AQPrFa 36<\/a><\/p>\n\n\n\n<p><a href=\"https:\/\/tube-enseignement-professionnel.apps.education.fr\/w\/mug2qjCXN1sVLEwwXTJqNV\" target=\"_blank\" rel=\"noreferrer noopener\">La potion fortifiante simplifi\u00e9e : AQPrFa 36B<\/a><\/p>\n\n\n\n<p><a href=\"https:\/\/tube-enseignement-professionnel.apps.education.fr\/w\/9D4M7v8Wf9YvX9gb6sLEmw\" target=\"_blank\" rel=\"noreferrer noopener\">Le sirop \u00e0 l&rsquo;aspirine : AQPrFa 37<\/a><\/p>\n\n\n\n<p><a href=\"https:\/\/tube-enseignement-professionnel.apps.education.fr\/w\/rZe99gednxRsPDvfenP3uX\" target=\"_blank\" rel=\"noreferrer noopener\">Les g\u00e9lules \u00e0 la cod\u00e9ine : AQPrFa 52<\/a><\/p>\n\n\n\n<p><a href=\"https:\/\/tube-enseignement-professionnel.apps.education.fr\/w\/pPnJMa719RtHvJREVvL6Ye\" target=\"_blank\" rel=\"noreferrer noopener\">Le caf\u00e9 en poudre : AQPrFa 53<\/a><\/p>\n\n\n\n<p><a href=\"https:\/\/tube-enseignement-professionnel.apps.education.fr\/w\/h1vWRHv5FoAGnU7TQXoj2N\" target=\"_blank\" rel=\"noreferrer noopener\">L\u00e9gumes conserv\u00e9s sous vide : AQPrFa 54b<\/a><\/p>\n\n\n\n<p><a href=\"https:\/\/tube-enseignement-professionnel.apps.education.fr\/w\/iFcDPbQXVuxeDWa9qKmhBE\" target=\"_blank\" rel=\"noreferrer noopener\">Les chaussons aux pommes : AQPrFa 58<\/a><\/p>\n\n\n\n<p><a href=\"https:\/\/tube-enseignement-professionnel.apps.education.fr\/w\/6iVEBjKSHzFXZ8DhtUb5Ns\" target=\"_blank\" rel=\"noreferrer noopener\">La mayonnaise : AQPrFa 66<\/a><\/p>\n\n\n\n<p><a href=\"https:\/\/tube-enseignement-professionnel.apps.education.fr\/w\/bLjwVhnsj5MPQ3TLdy3yaF\" target=\"_blank\" rel=\"noreferrer noopener\">Le jus de pommes frais : AQPrFa 69<\/a><\/p>\n\n\n\n<p><a href=\"https:\/\/tube-enseignement-professionnel.apps.education.fr\/w\/f6yvxkvcMbCUszcZ4eoAPg\" target=\"_blank\" rel=\"noreferrer noopener\">Le concentr\u00e9e de jus et la boule de concentration : AQPrFa 91<\/a><\/p>\n\n\n\n<p><a href=\"https:\/\/tube-enseignement-professionnel.apps.education.fr\/w\/2q4HJQikYUVGb4qFvJwymL\" target=\"_blank\" rel=\"noreferrer noopener\">Le dessert lact\u00e9 : AQPrFa 102<\/a><\/p>\n\n\n\n<p><a href=\"https:\/\/tube-enseignement-professionnel.apps.education.fr\/w\/afF5Jht1vagTJqMtRAkv3Z\" target=\"_blank\" rel=\"noreferrer noopener\">Le sirop de caf\u00e9 : AQPrFa 103<\/a><\/p>\n\n\n\n<p><a href=\"https:\/\/tube-enseignement-professionnel.apps.education.fr\/w\/dLJkrJnk6mkudQ5JU9fQ2d\" target=\"_blank\" rel=\"noreferrer noopener\">Les p\u00e2tes de fruits : AQPrFa 106<\/a><\/p>\n\n\n\n<p><a href=\"https:\/\/tube-enseignement-professionnel.apps.education.fr\/w\/vUXaB935kjH3WhXgZwqPvi\" target=\"_blank\" rel=\"noreferrer noopener\">Boisson chocolat\u00e9e : AQPrFa 110<\/a><\/p>\n\n\n\n<p><a href=\"https:\/\/tube-enseignement-professionnel.apps.education.fr\/w\/b13C47qTZJLcsuo676m4bE\" target=\"_blank\" rel=\"noreferrer noopener\">Le jus de tomates : AQPrFa 111<\/a><\/p>\n\n\n\n<p><a href=\"https:\/\/tube-enseignement-professionnel.apps.education.fr\/w\/joWoLf99djWPpGFceHQWTD\" target=\"_blank\" rel=\"noreferrer noopener\">Infusion de plante : AQPrFa 112<\/a><\/p>\n","protected":false},"excerpt":{"rendered":"<p>Des vid\u00e9os d\u00e9crivent les fabrications ou les op\u00e9rations unitaires et sont disponibles ici. Les liens vers toutes nos vid\u00e9os sont disponibles depuis cette page ou directement depuis les articles concern\u00e9s. Comment compl\u00e9ter les documents Comment compl\u00e9ter la fiche AQPrECF 02 Comment compl\u00e9ter la fiche AQPrPF 12 Comment calculer un rendement&#8230; <a class=\"continue-reading-link\" href=\"https:\/\/portail.stpaul4.ac-reunion.fr\/wordpress\/process\/contacts\/\"> Continue reading <span class=\"meta-nav\">&rarr; <\/span><\/a><\/p>\n","protected":false},"author":473,"featured_media":0,"parent":0,"menu_order":0,"comment_status":"closed","ping_status":"closed","template":"","meta":{"_links_to":"","_links_to_target":""},"_links":{"self":[{"href":"https:\/\/portail.stpaul4.ac-reunion.fr\/wordpress\/process\/wp-json\/wp\/v2\/pages\/131"}],"collection":[{"href":"https:\/\/portail.stpaul4.ac-reunion.fr\/wordpress\/process\/wp-json\/wp\/v2\/pages"}],"about":[{"href":"https:\/\/portail.stpaul4.ac-reunion.fr\/wordpress\/process\/wp-json\/wp\/v2\/types\/page"}],"author":[{"embeddable":true,"href":"https:\/\/portail.stpaul4.ac-reunion.fr\/wordpress\/process\/wp-json\/wp\/v2\/users\/473"}],"replies":[{"embeddable":true,"href":"https:\/\/portail.stpaul4.ac-reunion.fr\/wordpress\/process\/wp-json\/wp\/v2\/comments?post=131"}],"version-history":[{"count":93,"href":"https:\/\/portail.stpaul4.ac-reunion.fr\/wordpress\/process\/wp-json\/wp\/v2\/pages\/131\/revisions"}],"predecessor-version":[{"id":1775,"href":"https:\/\/portail.stpaul4.ac-reunion.fr\/wordpress\/process\/wp-json\/wp\/v2\/pages\/131\/revisions\/1775"}],"wp:attachment":[{"href":"https:\/\/portail.stpaul4.ac-reunion.fr\/wordpress\/process\/wp-json\/wp\/v2\/media?parent=131"}],"curies":[{"name":"wp","href":"https:\/\/api.w.org\/{rel}","templated":true}]}}